ase 7, what is 4 + -15?
-11
In base 3, what is 1102 - 20?
1012
In base 8, what is 2 - 2273?
-2271
In base 6, what is -1 - 133?
-134
In base 8, what is -410 - 3?
-413
In base 10, what is -15 + -525?
-540
In base 5, what is -4 + 214?
210
In base 7, what is -253 - -2?
-251
In base 13, what is -55 - c6?
-14b
In base 6, what is -2 + -501?
-503
In base 8, what is -2 + 41?
37
In base 6, what is 1 - -111?
112
In base 12, what is -5b - 12?
-71
In base 14, what is 21 - 189?
-168
In base 12, what is 1 + 16b3?
16b4
In base 3, what is -1220 + 202?
-1011
In base 15, what is -60 - b6?
-126
In base 15, what is -4a - -2?
-48
In base 4, what is 3 - -11112?
11121
In base 3, what is -1012211 + 1?
-1012210
In base 7, what is 6 + -43?
-34
In base 3, what is 20102220 + 11?
20110001
In base 11, what is 2 - -30?
32
In base 3, what is 12 - 10200012?
-10200000
In base 13, what is 4 - -38c?
393
In base 13, what is 82 + 0?
82
In base 4, what is -1 - -31222?
31221
In base 9, what is -7 - -25?
17
In base 12, what is -17 + -22?
-39
In base 3, what is -1 - -10?
2
In base 15, what is 8d + -d?
80
In base 9, what is 2 + 234?
236
In base 6, what is -31 + -23?
-54
In base 15, what is -22 - -2?
-20
In base 15, what is 1 + 18?
19
In base 3, what is -1010 - 22?
-1102
In base 12, what is -2510 - 2?
-2512
In base 16, what is -1 + -7b?
-7c
In base 6, what is 10 - -335?
345
In base 14, what is 4 - -3a?
40
In base 16, what is 2 + c32?
c34
In base 9, what is -763 - 4?
-767
In base 6, what is -4515 - 1?
-4520
In base 3, what is 11 + 1201?
1212
In base 5, what is 0 + -1142?
-1142
In base 16, what is 5 - 9e3?
-9de
In base 2, what is -11101 + -1111?
-101100
In base 4, what is -2332 - -3?
-2323
In base 9, what is 287 - -2?
300
In base 9, what is -5 - -1400?
1384
In base 10, what is -36 - 1?
-37
In base 10, what is -22 + 226?
204
In base 3, what is -11 + -12011?
-12022
In base 12, what is 230 + 10?
240
In base 4, what is -10 - 1222?
-1232
In base 9, what is -2524 + 1?
-2523
In base 7, what is -25 + -2343?
-2401
In base 12, what is -4 + 95a?
956
In base 15, what is 8 - 460?
-457
In base 8, what is 21 + -751?
-730
In base 11, what is 4 - 235?
-231
In base 14, what is 2 + -80?
-7c
In base 11, what is 100 + -5?
a6
In base 11, what is 0 + 22?
22
In base 14, what is -1 - -195?
194
In base 3, what is 1001211122 - -2?
1001211201
In base 11, what is -7 - -1273?
1267
In base 12, what is 14 + -91?
-79
In base 9, what is 1 - -10?
11
In base 3, what is -11000021 - -12?
-11000002
In base 13, what is -2b + 0?
-2b
In base 5, what is -10 - -41?
31
In base 4, what is -10 + -20321?
-20331
In base 11, what is 153 + 35?
188
In base 14, what is -1 - 42?
-43
In base 15, what is 73 - 3?
70
In base 12, what is -45b + 1?
-45a
In base 8, what is -1 + 115?
114
In base 9, what is -136 + -63?
-210
In base 13, what is -9 - 2c4?
-300
In base 15, what is 12 - 79?
-67
In base 7, what is 5 + 25?
33
In base 3, what is 2020 - -10?
2100
In base 2, what is -10001 - 111?
-11000
In base 6, what is 0 - 2403?
-2403
In base 9, what is -7648 + -1?
-7650
In base 10, what is -5 - -361?
356
In base 11, what is -26 - -12?
-14
In base 5, what is 112 + -22?
40
In base 3, what is -1021 + 22?
-222
In base 2, what is 10001 + -1000000?
-101111
In base 12, what is 51 - 1?
50
In base 6, what is -5 - -1241?
1232
In base 10, what is 8150 + -3?
8147
In base 8, what is -20 + 10?
-10
In base 5, what is 302100 + 3?
302103
In base 14, what is -9 + -a?
-15
In base 10, what is -20686 + 0?
-20686
In base 13, what is -4b + -16?
-64
In base 12, what is -13 + 84?
71
In base 14, what is -d9 - -18?
-c1
In base 6, what is -21 - 3214?
-3235
In base 15, what is 5 + -108?
-103
In base 8, what is -4 - 11743?
-11747
In base 12, what is 5 + 9?
12
In base 3, what is -21111111 + -11?
-21111122
In base 8, what is 143 - -14?
157
In base 12, what is -40 - -b?
-31
In base 8, what is -36 - -24?
-12
In base 7, what is -1316 + -34?
-1353
In base 2, what is -11101 + 10011100?
1111111
In base 9, what is 1 + -163?
-162
In base 13, what is 6 + -90c?
-906
In base 11, what is 22 + -74?
-52
In base 16, what is 1b9 - 0?
1b9
In base 3, what is 1002 - 1100?
-21
In base 6, what is 1 + 33?
34
In base 7, what is 3 + 150?
153
In base 6, what is -2 - -220?
214
In base 6, what is 1 + 1001?
1002
In base 11, what is 69 - 26?
43
In base 13, what is -15 + -37?
-4c
In base 12, what is 5 - 386?
-381
In base 2, what is 11000010 + 1011?
11001101
In base 14, what is 3 - 2a?
-27
In base 4, what is -1032 + -120?
-1212
In base 5, what is -11 - -1130?
1114
In base 10, what is -42 - -80?
38
In base 2, what is 11 - 10110110?
-10110011
In base 3, what is 0 + 101?
101
In base 9, what is 8531 - -1?
8532
In base 16, what is 6 - 9?
-3
In base 16, what is -1c + -bc?
-d8
In base 9, what is 7 + -136?
-128
In base 8, what is 1274 + 0?
1274
In base 4, what is 12222 + -2?
12220
In base 15, what is -14 + -34?
-48
In base 16, what is -a + 1e?
14
In base 10, what is 5 - -3?
8
In base 15, what is 300e - 2?
300c
In base 2, what is 1011100001 + 111?
1011101000
In base 14, what is 1b + 585?
5a2
In base 16, what is 1 + -10?
-f
In base 2, what is -1 - -10010?
10001
In base 16, what is 0 - 1?
-1
In base 16, what is -2 + -1e0?
-1e2
In base 2, what is -1 - 111010?
-111011
In base 6, what is -102 + -4?
-110
In base 5, what is -130 + 130?
0
In base 6, what is -5 - -4104?
4055
In base 12, what is 4 - -885?
889
In base 4, what is 21 - 312?
-231
In base 7, what is -5231 - -2?
-5226
In base 16, what is 3 - 9?
-6
In base 6, what is -112313 - 5?
-112322
In base 6, what is -3100 + -4?
-3104
In base 12, what is 7 - 0?
7
In base 11, what is 3 - 3841?
-3839
In base 6, what is 42141 - -4?
42145
In base 13, what is -69 + a?
-5c
In base 5, what is -3 + -443?
-1001
In base 6, what is 23 - -1?
24
In base 2, what is 11 + 1001111?
1010010
In base 8, what is -2 + 3553?
3551
In base 11, what is 24 - 26?
-2
In base 5, what is -20 + -324?
-344
In base 5, what is 21 - 22?
-1
In base 8, what is 11 + 6?
17
In base 5, what is -413 - -2?
-411
In base 5, what is -13304 + -4?
-13313
In base 9, what is 411 - 1?
410
In base 10, what is 4 - -4026?
4030
In base 3, what is -10001 - 11?
-10012
In base 13, what is -72c2 - -5?
-72ba
In base 11, what is -1a + -47?
-66
In base 14, what is -3 - 14c?
-151
In base 5, what is -200424 + -10?
-200434
In base 13, what is 38 - -3?
3b
In base 6, what is -1 + -2020?
-2021
In base 16, what is b2 - 6?
ac
In base 3, what is -2 + 2101?
2022
In base 8, what is 1 - -563?
564
In base 6, what is -440 + 3?
-433
In base 12, what is 3b4 + 0?
3b4
In base 12, what is 702 - 2?
700
In base 15, what is 26 + d?
34
In base 16, what is -4 - 0?
-4
In base 2, what is 1001001 + 101001?
1110010
In base 14, what is 3 - -4a2?
4a5
In base 4, what is 1123 + 1023?
2212
In base 7, what is -4441 + 2?
-4436
In base 5, what is -1 - 324?
-330
In base 10, what is -326 - 6?
-332
In base 4, what is 331 + -1132?
-201
In base 8, what is -1 + 14324?
14323
In base 14, what is -9b8 - -5?
-9b3
In base 2, what is 1 + 1010001?
1010010
In base 15, what is 11 - 47d?
-46c
In base 11, what is 9 + -664?
-656
In base 15, what is 0 - 3?
-3
In base 2, what is 100 - 1110010?
-1101110
In base 2, what is 101110 + 1?
101111
In base 15, what is 3a3 - -5?
3a8
In base 15, what is -308 - -1?
-307
In base 13, what is 220 - 0?
220
In base 14, what is -7 - 361?
-368
In base 6, what is 12 - -1013?
1025
In base 12, what is -305 + 0?
-305
In base 5, what is 44 - 10?
34
In base 9, what is -51 - -20?
-31
In base 15, what is 61 + -3?
5d
In base 10, what is 1 + -710?
-709
In base 9, what is 5 + 46?
52
In base 2, what is 10100 - 10000?
100
In base 8, what is 13 + -11?
2
In base 11, what is -83 + -26?
-a9
In base 13, what is -28b - -18?
-273
In base 11, what is -a515 + 3?
-a512
In base 6, what is 110 + -314?
-204
In base 14, what is -1a + 1b?
1
In base 15, what is -ed + -2?
-100
In base 13, what is -8617 + 2?
-8615
In base 8, what is -7626 + 1?
-7625
In base 15, what is 5 - 71?
-6b
In base 13, what is -5 + -39?
-41
In base 16, what is -548 + -e?
-556
In base 11, what is 395 - 7?
389
In base 8, what is -1 + -2624?
-2625
In base 11, what is 65 - -3?
68
In base 4, what is 3223 + 0?
3223
In base 7, what is -26 - 214?
-243
In base 4, what is -20113 - -332?
-13121
In base 5, what is 4 + -1113?
-1104
In ba